inder when 69 is divided by l.
19
Suppose -9*x = -15*x + 420. What is the remainder when x is divided by 16?
6
Suppose 17 = 2*c - 3*m, -2*m + 3*m - 21 = -2*c. Suppose 3*w + w = 3*p + 193, 5*p - 5 = 0. What is the remainder when w is divided by c?
9
Let w = 45 - 25. Let c(k) = -2*k**3 + 11*k**2 - 8*k + 21. Let b be c(11). What is the remainder when b/(-24) + (-3)/12 is divided by w?
18
Suppose 2*v + 2 = 34. Suppose 0*t - 2*t = -3*z + 12, 1 = -z - t. Suppose 4*j = 3*j - z*q + 19, -3*j + 12 = -3*q. What is the remainder when v is divided by j?
7
Suppose -2*i = 3*f + f - 18, 5*i - 52 = -3*f. Calculate the remainder when 48 is divided by i.
4
Let i(w) = 9*w - 34. Suppose b - 36 = -5*y, -y + 5*b = 4 - 6. Calculate the remainder when 56 is divided by i(y).
27
Suppose 13 = 5*m - 2*a, 2*a + 8 = 4*m - 2*a. Let l = 12 - m. Calculate the remainder when l is divided by 12/(-4) - (0 - 8).
4
Suppose 2 = -4*o + 38. Suppose 2*j + o = 5*j. What is the remainder when 3 is divided by j?
0
Suppose 11*u - 441 - 142 = 0. What is the remainder when 98 is divided by u?
45
Suppose -12 = -2*s + 18. Suppose -60*q + 64*q - 173 = 5*n, -2*q + 86 = -2*n. Calculate the remainder when q is divided by s.
12
Let d(c) = 3*c - 4. Suppose -q - 3*r = -25, 3*q + 3 = 4*r + 13. What is the remainder when 154 is divided by d(q)?
24
Suppose x - 8 = -r, 0*r - 2*r - 4*x + 24 = 0. Suppose -5 = -5*l, -r*s + s = -l - 104. What is the remainder when 68 is divided by s?
33
Let w(r) = r**3 + r**2 + r. Let z(s) = -6*s**3 - 5*s**2 - 8*s - 14. Let a(l) = -5*w(l) - z(l). Calculate the remainder when a(0) is divided by 8.
6
Let t = 43 - 39. Let m be -8 + 5 + (-1 - -10). Let g = 5 + m. Calculate the remainder when g is divided by t.
3
Suppose 4*v - 5*i = -42, 7 = -v - 0*v + 3*i. Let g(l) = 4*l + l**2 - 11 + 0*l + 5*l. Calculate the remainder when g(v) is divided by 14.
13
Suppose 5*y - 3*k - 149 = 0, -7 = k - 4. Calculate the remainder when 37 is divided by y.
9
Let v(m) = 2*m**3 + 72*m**2 - 2*m + 1. Calculate the remainder when 296 is divided by v(-36).
4
Let u(q) = -2*q**3 - 6*q**2 + 7*q + 9. What is the remainder when 887 is divided by u(-5)?
73
Suppose 0 = -3*q + 104 + 13. Calculate the remainder when q is divided by (-1)/2 - (5 + (-39)/2).
11
Let v = 32 - 32. Suppose v = 2*x - 6*x + 84. What is the remainder when 103 is divided by x?
19
Let x = -86 + 124. Suppose 6 = -t - 4*w, -4*w - w = -5*t + 70. What is the remainder when x is divided by t?
8
Suppose 234 = 3*r + 4*w, 0*w = 2*r + 2*w - 154. What is the remainder when 11 is divided by (-3)/(-30)*r + 8/(-20)?
4
Let t(y) = -y**3 + 6*y**2 - 4*y + 11. Let r = 29 - 29. Suppose 4*a - 18 = -r*a - k, 0 = -2*a + 3*k + 16. What is the remainder when 45 is divided by t(a)?
13
Let o = 82 + -75. Suppose 5*j = 35 + 25. What is the remainder when j is divided by o?
5
Let f(z) = -11*z - 8. Let c(v) = 32*v + 23. Let m(b) = 3*c(b) + 8*f(b). Calculate the remainder when m(2) is divided by 8.
5
Suppose -4*m - 5*g = m + 355, 0 = 2*m - 2*g + 150. Let r = m - -119. Suppose -r = -3*w + 8. What is the remainder when w is divided by 11?
7
Let c = -16 + 14. Calculate the remainder when 21 is divided by 152/16 + 3/c.
5
Suppose -9*z = 7*z - 320. What is the remainder when 74 is divided by z?
14
Let j(v) = -v**2 - 9*v - 11. Let i be j(-7). Suppose -i*k + 2*k - 5*h + 65 = 0, -4*k + 212 = -4*h. Calculate the remainder when k is divided by 15.
10
Let a = 3 + 11. Suppose -2*h - i + 99 = 0, -4*h + 2*h + 90 = 4*i. What is the remainder when h is divided by a?
9
What is the remainder when ((-1057)/14)/((-1)/2) is divided by 75?
1
Suppose 8 = -2*x, -x + 20 = 4*h - 4*x. What is the remainder when 132 is divided by h/10 + 418/10 - -3?
42
Let b = -685 - -847. What is the remainder when b is divided by 43?
33
Let a be (-2)/(4 - 2) + 10. Suppose 0*o + 24 = 4*o. What is the remainder when (-2*3)/(a/(-12)) is divided by o?
2
Let o(q) = -18 + 38 - 6 + 2*q - 3*q. Suppose -u = -0*u. Calculate the remainder when 39 is divided by o(u).
11
Let x = 16 + -4. What is the remainder when 93 is divided by x?
9
Let d = 2076 - 1952. Calculate the remainder when d is divided by 42.
40
Suppose -2*a = -5*w - 63, w + 0*w - 52 = -3*a. Let o = a - 8. What is the remainder when 21 is divided by o?
10
Suppose 0 = -2*i - 3*u + 113, 8*i - 5*i - 3*u - 177 = 0. What is the remainder when i is divided by 34?
24
Let n(v) = 5*v**2 - v**3 + 10*v + v**2 + 0*v**3 + 2. Calculate the remainder when n(7) is divided by 13.
10
Let v be 4 + -12 - (1 - 5). Let s(q) = -4*q - 7. Calculate the remainder when 43 is divided by s(v).
7
Suppose -5*r - 5*j + 75 = 0, 0 = 4*r - 6*r - 5*j + 33. Calculate the remainder when 67 is divided by r.
11
Suppose 2*m - 7 = -1. Suppose 3*r - 2*l + 42 = -11, r + 3*l + 3 = 0. What is the remainder when m/(-9) + (-740)/r is divided by 17?
15
Let b be (1 - 2)/((-1)/(-36)). Suppose w + 55 = 6*w + 5*p, 4*w - p = 54. Let c = w - b. Calculate the remainder when c is divided by 13.
10
Suppose 2*o - 565 = r, 5*o = -r - 4*r + 1450. Suppose l + 3*b - 11 = 12, -2*b + 8 = 0. Calculate the remainder when 2/7 - o/(-7) is divided by l.
8
Let m = -19 + 19. Suppose m = 5*k + 33 - 118. Suppose -z = -3*i + 28 + 64, -5*i - 4*z + 159 = 0. Calculate the remainder when i is divided by k.
14
Suppose -124 = -5*w - 2*i, 5*i - i = -4*w + 92. What is the remainder when 77 is divided by w?
25
Suppose -192 = 6*n - 612. Let r = 98 - n. Let b = -17 - -72. What is the remainder when b is divided by r?
27
Let g be ((-7)/2)/((-11)/66). Let z = 21 - g. Suppose z = -16*r + 12*r + 80. What is the remainder when r is divided by 8?
4
Suppose 0 = 8*n - 5*n - 144. What is the remainder when n is divided by 17?
14
Calculate the remainder when ((-1)/(-4))/(10/840) is divided by 10.
1
Suppose -y = -o + 197, 2*y - 774 = -4*o - y. What is the remainder when o is divided by 60?
15
Let q(j) = 4*j - 3*j + 4*j + 1 + 3*j**2. Calculate the remainder when 64 is divided by q(-3).
12
Let h = 5 - 54. Let q(w) = 3*w**2 - 3*w - 7. Calculate the remainder when q(3) is divided by 52/14 - 14/h.
3
Suppose -2*p - 5*j = -14, 16 = -2*j + 6*j. Let d = p - -3. Suppose d*a - a + 40 = 0. Calculate the remainder when a is divided by 11.
7
Let c(w) = w + 15. Let t be c(-3). Suppose -5*p = -t - 93. Let n = -2 - -13. What is the remainder when p is divided by n?
10
Suppose 2 = 3*v + 4*y + 18, -2*y + 10 = 0. Let q(k) = -23*k**2 - 14*k - 15. Let c be q(-1). Let n = v - c. What is the remainder when 47 is divided by n?
11
Let n(p) = -6*p - 11. Let o(j) = 3*j + 6. Let s(v) = 2*n(v) + 5*o(v). Suppose -9*u + 5*u = 10*u. What is the remainder when 26 is divided by s(u)?
2
Let m = -75 + 78. Suppose 0*h + f + 110 = 5*h, h - 4*f = m. What is the remainder when 82 is divided by h?
13
Let m(q) = -q + 3. Let d be m(0). Suppose 0 = -d*l - 2*l + 40. What is the remainder when 31 is divided by l?
7
Suppose 5*a - 3*q + 30 = q, -3*a + 5*q - 18 = 0. Let i(p) = 4*p - 36. Calculate the remainder when i(17) is divided by ((-4)/a)/((-10)/(-135)).
5
Suppose 2*i + 2*h = 10, 5*i - i + 5*h - 22 = 0. Suppose 0 = -i*u + 24 - 6. Calculate the remainder when 10 is divided by u.
4
Suppose -2*u - 28 = -4*u + 3*d, 0 = 3*d - 12. Suppose 3*c = u + 85. Calculate the remainder when c is divided by 19.
16
Suppose 2344*q - 96 = 2328*q. Suppose 2*p - 40 = -2*p - h, 2*h = 0. What is the remainder when p is divided by q?
4
Calculate the remainder when (144/30)/((3/(-20))/(-3)) is divided by 17.
11
Let g = -37 + 11. Let d = -4 - g. Suppose d = -0*v + v. What is the remainder when 42 is divided by v?
20
Let f = -345 - -367. Calculate the remainder when 84 is divided by f.
18
What is the remainder when 35 is divided by (1 - (-7 + -3)) + (1 - -4)?
3
Let f = 12 - 4. Suppose f*d - 480 = 208. What is the remainder when d is divided by 29?
28
Let v = -140 - -151. Let r(o) = o**3 - 4*o**2 + 2*o - 4. What is the remainder when v is divided by r(4)?
3
Let y = 55 - -77. Suppose -17*u = -19*u + y. Calculate the remainder when u is divided by 23.
20
Let t(o) = -o**3 + 5*o**2 + 4*o. Let y = 6 - -34. Let g = y + -29. What is the remainder when t(5) is divided by g?
9
Calculate the remainder when ((-15)/(-6))/(10/420) is divided by 38.
29
Let v = -191 + 196. What is the remainder when 41 is divided by v?
1
Let u = 66 + -67. Let